{"id":69,"date":"2022-03-17T22:58:00","date_gmt":"2022-03-17T21:58:00","guid":{"rendered":"https:\/\/koneprod477090208.wpcomstaging.com\/?page_id=69"},"modified":"2022-07-11T16:56:57","modified_gmt":"2022-07-11T14:56:57","slug":"services-et-tarifs","status":"publish","type":"page","link":"https:\/\/www.k-one-music.fr\/index.php\/services-et-tarifs\/","title":{"rendered":"Services et tarifs"},"content":{"rendered":"\n<div class=\"wp-block-group alignfull\" style=\"padding-top:60px;padding-bottom:60px\"><div class=\"wp-block-group__inner-container is-layout-constrained wp-block-group-is-layout-constrained\">\n<h1 class=\"has-text-align-center wp-block-heading\"><strong>Services et tarifs<\/strong><\/h1>\n\n\n<div class=\"wp-block-image size-thumbnail is-style-rounded\">\n<figure class=\"aligncenter is-resized\"><img loading=\"lazy\" decoding=\"async\" src=\"https:\/\/koneprod477090208.wpcomstaging.com\/wp-content\/uploads\/2022\/04\/copie-de-logo-k-one-def-1.png?w=106\" alt=\"\" class=\"wp-image-71\" width=\"79\" height=\"112\"\/><\/figure>\n<\/div>\n\n\n<div style=\"height:1px\" aria-hidden=\"true\" class=\"wp-block-spacer\"><\/div>\n\n\n\n<p>Pour votre <strong>projet musical<\/strong> nous vous proposons plusieurs services. Nous pouvons r\u00e9aliser des <strong>compositions<\/strong>, <strong>enregistrements<\/strong>, <strong>mixages<\/strong>, <strong>mastering <\/strong>et <strong>arrangements&nbsp;<\/strong>de vos musiques.<\/p>\n\n\n\n<p>Nos services sont tarif\u00e9s de la mani\u00e8re suivante :<\/p>\n\n\n\n<hr class=\"wp-block-separator has-css-opacity has-text-color has-background is-style-wide\"\/>\n\n\n\n<div class=\"wp-block-columns are-vertically-aligned-center is-layout-flex wp-container-core-columns-is-layout-9d6595d7 wp-block-columns-is-layout-flex\">\n<div class=\"wp-block-column is-vertically-aligned-center is-layout-flow wp-block-column-is-layout-flow\" style=\"flex-basis:70%\">\n<p>Forfait 1 heure<\/p>\n<\/div>\n\n\n\n<div class=\"wp-block-column is-vertically-aligned-center is-layout-flow wp-block-column-is-layout-flow\">\n<div class=\"wp-block-buttons is-horizontal is-content-justification-right is-layout-flex wp-container-core-buttons-is-layout-ae2fe186 wp-block-buttons-is-layout-flex\">\n<div class=\"wp-block-button has-custom-width wp-block-button__width-100\"><a class=\"wp-block-button__link has-text-color has-background\" href=\"https:\/\/www.k-one-music.fr\/index.php\/contactez-nous\/\" style=\"background-color:#000000;color:#ffffff\">30&nbsp;\u20ac<\/a><\/div>\n<\/div>\n<\/div>\n<\/div>\n\n\n\n<hr class=\"wp-block-separator has-css-opacity has-text-color has-background is-style-wide\"\/>\n\n\n\n<div class=\"wp-block-columns are-vertically-aligned-center is-layout-flex wp-container-core-columns-is-layout-9d6595d7 wp-block-columns-is-layout-flex\">\n<div class=\"wp-block-column is-vertically-aligned-center is-layout-flow wp-block-column-is-layout-flow\" style=\"flex-basis:70%\">\n<p>Forfait demi-journ\u00e9e (4h)<\/p>\n<\/div>\n\n\n\n<div class=\"wp-block-column is-vertically-aligned-center is-layout-flow wp-block-column-is-layout-flow\">\n<div class=\"wp-block-buttons is-horizontal is-content-justification-right is-layout-flex wp-container-core-buttons-is-layout-ae2fe186 wp-block-buttons-is-layout-flex\">\n<div class=\"wp-block-button has-custom-width wp-block-button__width-100\"><a class=\"wp-block-button__link has-text-color has-background\" href=\"https:\/\/www.k-one-music.fr\/index.php\/contactez-nous\/\" style=\"background-color:#000000;color:#ffffff\">120&nbsp;\u20ac<\/a><\/div>\n<\/div>\n<\/div>\n<\/div>\n\n\n\n<hr class=\"wp-block-separator has-css-opacity has-text-color has-background is-style-wide\"\/>\n\n\n\n<div class=\"wp-block-columns are-vertically-aligned-center is-layout-flex wp-container-core-columns-is-layout-9d6595d7 wp-block-columns-is-layout-flex\">\n<div class=\"wp-block-column is-vertically-aligned-center is-layout-flow wp-block-column-is-layout-flow\" style=\"flex-basis:70%\">\n<p>Forfait journ\u00e9e compl\u00e8te (8h dans la m\u00eame journ\u00e9e)<\/p>\n<\/div>\n\n\n\n<div class=\"wp-block-column is-vertically-aligned-center is-layout-flow wp-block-column-is-layout-flow\">\n<div class=\"wp-block-buttons is-horizontal is-content-justification-right is-layout-flex wp-container-core-buttons-is-layout-ae2fe186 wp-block-buttons-is-layout-flex\">\n<div class=\"wp-block-button has-custom-width wp-block-button__width-100\"><a class=\"wp-block-button__link has-text-color has-background\" href=\"https:\/\/www.k-one-music.fr\/index.php\/contactez-nous\/\" style=\"background-color:#000000;color:#ffffff\">200&nbsp;\u20ac<\/a><\/div>\n<\/div>\n<\/div>\n<\/div>\n\n\n\n<hr class=\"wp-block-separator has-css-opacity has-text-color has-background is-style-wide\"\/>\n\n\n\n<div class=\"wp-block-columns are-vertically-aligned-center is-layout-flex wp-container-core-columns-is-layout-9d6595d7 wp-block-columns-is-layout-flex\">\n<div class=\"wp-block-column is-vertically-aligned-center is-layout-flow wp-block-column-is-layout-flow\" style=\"flex-basis:70%\">\n<p>Mastering de titre unique<\/p>\n<\/div>\n\n\n\n<div class=\"wp-block-column is-vertically-aligned-center is-layout-flow wp-block-column-is-layout-flow\">\n<div class=\"wp-block-buttons is-horizontal is-content-justification-right is-layout-flex wp-container-core-buttons-is-layout-ae2fe186 wp-block-buttons-is-layout-flex\">\n<div class=\"wp-block-button has-custom-width wp-block-button__width-100\"><a class=\"wp-block-button__link has-text-color has-background\" href=\"https:\/\/www.k-one-music.fr\/index.php\/contactez-nous\/\" style=\"background-color:#000000;color:#ffffff\">50&nbsp;\u20ac<\/a><\/div>\n<\/div>\n<\/div>\n<\/div>\n\n\n\n<hr class=\"wp-block-separator has-css-opacity has-text-color has-background is-style-wide\"\/>\n\n\n\n<p><em>\u00c0 noter : Les tarifs peuvent \u00eatre n\u00e9goci\u00e9s selon les projets<\/em><\/p>\n<\/div><\/div>\n","protected":false},"excerpt":{"rendered":"<p>Services et tarifs Pour votre projet musical nous vous proposons plusieurs services. Nous pouvons r\u00e9aliser des compositions, enregistrements, mixages, mastering et arrangements&nbsp;de vos musiques. Nos services sont tarif\u00e9s de la mani\u00e8re suivante : Forfait 1 heure Forfait demi-journ\u00e9e (4h) Forfait journ\u00e9e compl\u00e8te (8h dans la m\u00eame journ\u00e9e) Mastering de titre unique \u00c0 noter : Les&hellip; <a class=\"more-link\" href=\"https:\/\/www.k-one-music.fr\/index.php\/services-et-tarifs\/\">Poursuivre la lecture <span class=\"screen-reader-text\">Services et tarifs<\/span><\/a><\/p>\n","protected":false},"author":4,"featured_media":0,"parent":0,"menu_order":0,"comment_status":"closed","ping_status":"closed","template":"header-footer-only","meta":{"footnotes":""},"class_list":["post-69","page","type-page","status-publish","hentry","entry"],"_links":{"self":[{"href":"https:\/\/www.k-one-music.fr\/index.php\/wp-json\/wp\/v2\/pages\/69","targetHints":{"allow":["GET"]}}],"collection":[{"href":"https:\/\/www.k-one-music.fr\/index.php\/wp-json\/wp\/v2\/pages"}],"about":[{"href":"https:\/\/www.k-one-music.fr\/index.php\/wp-json\/wp\/v2\/types\/page"}],"author":[{"embeddable":true,"href":"https:\/\/www.k-one-music.fr\/index.php\/wp-json\/wp\/v2\/users\/4"}],"replies":[{"embeddable":true,"href":"https:\/\/www.k-one-music.fr\/index.php\/wp-json\/wp\/v2\/comments?post=69"}],"version-history":[{"count":2,"href":"https:\/\/www.k-one-music.fr\/index.php\/wp-json\/wp\/v2\/pages\/69\/revisions"}],"predecessor-version":[{"id":98,"href":"https:\/\/www.k-one-music.fr\/index.php\/wp-json\/wp\/v2\/pages\/69\/revisions\/98"}],"wp:attachment":[{"href":"https:\/\/www.k-one-music.fr\/index.php\/wp-json\/wp\/v2\/media?parent=69"}],"curies":[{"name":"wp","href":"https:\/\/api.w.org\/{rel}","templated":true}]}}